{"id":2,"date":"2024-12-31T13:29:09","date_gmt":"2024-12-31T13:29:09","guid":{"rendered":"https:\/\/rk-trade.pro\/?page_id=2"},"modified":"2025-06-19T16:30:10","modified_gmt":"2025-06-19T16:30:10","slug":"sample-page","status":"publish","type":"page","link":"https:\/\/rk-trade.pro\/?page_id=2","title":{"rendered":"O MENI&#8230;"},"content":{"rendered":"\n<p>Sem Rok, lastnik in ustanovitelj podjetja RK-TRADE za zaklju\u010dna gradbenega dela, ki se posve\u010da temu, da va\u0161e ideje spremeni v \u010dudovito zgrajene realnosti. <\/p>\n\n\n\n<p>S \u0161tevilnimi leti izku\u0161enj v industriji in mo\u010dno zgodovino zadovoljnih strank po vsej Sloveniji in ob hrva\u0161ki obali sem to podjetje zgradil na preprostem, a mo\u010dnem prepri\u010danju: vsaka prostor naj odra\u017ea osebnost, potrebe in \u017eivljenjski slog ljudi, ki ga uporabljajo.V RK-TRADE ponujamo celoten spekter storitev \u2014 od konceptualnega oblikovanja do izvedbe \u2014 prilagojenih tako za stanovanske kot komercialne projekte. Ne glede na to, ali sanjate o sodobni prenovi, na\u010drtujete novo gradnjo ali \u017eelite ustvariti prostor z edinstvenim stilom, sem z ekipo prinesemo natan\u010dnost, ustvarjalnost in zanesljivost v vsako nalogo.Kar nas lo\u010di od drugih je na\u0161 prakti\u010den pristop in pozornost do detajlov. Osebno delam z vsako stranko, da zagotovim jasno komunikacijo, pametno na\u010drtovanje in visoko kakovostne rezultate, ki zdr\u017eijo preizkus \u010dasa. Zavedamo se, da postopek lahko deluje zelo obremenjujo\u010de \u2014 zato si prizadevamo, da bi bil ta proces gladek, pregleden in celo prijeten. V letih delovanja je RK-TRADE rasel ne le s trdim delom, ampak tudi s zaupanjem \u2014 zaupanjem, ki je zgrajeno z doslednim izpolnjevanjem na\u0161ih obljub. Ponosni smo na mo\u010dne odnose, ki smo jih razvili s strankami, partnerji in dobavitelji, in vedno se osredoto\u010damo na izbolj\u0161ave in inovacije. \u010ce i\u0161\u010dete gradbenega partnerja, ki poslu\u0161a, razume in izpolnjuje, bi z veseljem sli\u0161al od vas. <\/p>\n\n\n\n<p>Zgradimo skupaj nekaj velikega.<\/p>\n\n\n\n<p><\/p>\n","protected":false},"excerpt":{"rendered":"<p>Sem Rok, lastnik in ustanovitelj podjetja RK-TRADE za zaklju\u010dna gradbenega dela, ki se posve\u010da temu, da va\u0161e ideje spremeni v \u010dudovito zgrajene realnosti. S \u0161tevilnimi leti izku\u0161enj v industriji in mo\u010dno zgodovino zadovoljnih strank po vsej Sloveniji in ob hrva\u0161ki obali sem to podjetje zgradil na preprostem, a mo\u010dnem prepri\u010danju: vsaka prostor naj odra\u017ea osebnost, [&hellip;]<\/p>\n","protected":false},"author":1,"featured_media":0,"parent":0,"menu_order":0,"comment_status":"closed","ping_status":"open","template":"","meta":{"footnotes":""},"class_list":["post-2","page","type-page","status-publish","hentry"],"brizy_media":[],"_links":{"self":[{"href":"https:\/\/rk-trade.pro\/index.php?rest_route=\/wp\/v2\/pages\/2","targetHints":{"allow":["GET"]}}],"collection":[{"href":"https:\/\/rk-trade.pro\/index.php?rest_route=\/wp\/v2\/pages"}],"about":[{"href":"https:\/\/rk-trade.pro\/index.php?rest_route=\/wp\/v2\/types\/page"}],"author":[{"embeddable":true,"href":"https:\/\/rk-trade.pro\/index.php?rest_route=\/wp\/v2\/users\/1"}],"replies":[{"embeddable":true,"href":"https:\/\/rk-trade.pro\/index.php?rest_route=%2Fwp%2Fv2%2Fcomments&post=2"}],"version-history":[{"count":2,"href":"https:\/\/rk-trade.pro\/index.php?rest_route=\/wp\/v2\/pages\/2\/revisions"}],"predecessor-version":[{"id":203,"href":"https:\/\/rk-trade.pro\/index.php?rest_route=\/wp\/v2\/pages\/2\/revisions\/203"}],"wp:attachment":[{"href":"https:\/\/rk-trade.pro\/index.php?rest_route=%2Fwp%2Fv2%2Fmedia&parent=2"}],"curies":[{"name":"wp","href":"https:\/\/api.w.org\/{rel}","templated":true}]}}